se
Is 531497 a prime number?
True
Is 1191719 prime?
True
Is 8298529 a composite number?
False
Is 115527821 composite?
False
Is 208072817 a prime number?
True
Is 19992626 prime?
False
Is 746917 a prime number?
False
Is 267696353 composite?
True
Is 57797853 prime?
False
Is 1753153 a composite number?
True
Is 8949417 composite?
True
Is 100093469 composite?
True
Is 146684527 composite?
True
Is 6914551 a prime number?
False
Is 47941 a prime number?
False
Is 8557007 a prime number?
True
Is 21890573 composite?
False
Is 109820307 composite?
True
Is 103814299 composite?
False
Is 16997203 composite?
False
Is 8896651 prime?
True
Is 180157661 prime?
False
Is 1291391 a composite number?
False
Is 3686321 prime?
True
Is 402163549 prime?
True
Is 11985319 a prime number?
False
Is 108592873 composite?
False
Is 10569469 a prime number?
False
Is 1053851 prime?
False
Is 26322047 a composite number?
True
Is 20837807 a composite number?
False
Is 109473503 a composite number?
False
Is 2184781 a composite number?
True
Is 2030653 prime?
True
Is 13411709 a prime number?
True
Is 54569 a prime number?
False
Is 8943893 a prime number?
False
Is 4148681 a prime number?
False
Is 2600401 composite?
True
Is 3662467 prime?
True
Is 868070701 a composite number?
False
Is 91079 prime?
True
Is 38442059 composite?
False
Is 64569419 prime?
True
Is 982162 a prime number?
False
Is 739679 a prime number?
False
Is 9012377 composite?
True
Is 23914333 composite?
False
Is 16609603 a prime number?
True
Is 40505581 composite?
True
Is 238542905 prime?
False
Is 1469813 a prime number?
False
Is 407986189 a prime number?
False
Is 309539 a composite number?
False
Is 1883855449 a prime number?
False
Is 230052331 a prime number?
False
Is 201800201 a composite number?
False
Is 9218719 composite?
True
Is 309503191 a composite number?
True
Is 655807 a prime number?
True
Is 28099777 a prime number?
True
Is 99410147 composite?
True
Is 48010763 a composite number?
False
Is 259289 composite?
True
Is 331343 a prime number?
False
Is 8649899 a prime number?
False
Is 7473979 prime?
True
Is 144102619 prime?
True
Is 7236343 prime?
True
Is 170900827 a prime number?
False
Is 10795283 a prime number?
True
Is 155226601 composite?
False
Is 224719201 a composite number?
True
Is 101822059 a prime number?
False
Is 4367609 a composite number?
False
Is 697753 a prime number?
False
Is 15621377 prime?
True
Is 14516801 prime?
False
Is 2838397 a composite number?
False
Is 17221259 prime?
False
Is 4858667 a prime number?
False
Is 185352107 a composite number?
False
Is 29094097 a composite number?
True
Is 15987677 a composite number?
False
Is 21514685 a prime number?
False
Is 20322157 a composite number?
True
Is 10354859 composite?
False
Is 1264589 a prime number?
False
Is 190758467 prime?
True
Is 60097243 composite?
False
Is 1332941 a prime number?
True
Is 327946 composite?
True
Is 7290259 a prime number?
False
Is 1774973 composite?
False
Is 1850363 prime?
False
Is 4283479 prime?
True
Is 51873537 a prime number?
False
Is 1975513 composite?
True
Is 9220479 prime?
False
Is 37695379 a composite number?
True
Is 170889395 composite?
True
Is 9642493 a composite number?
True
Is 22251877 a prime number?
True
Is 55779349 composite?
False
Is 284366 a prime number?
False
Is 44706421 a composite number?
False
Is 50292533 a composite number?
False
Is 6809711 prime?
False
Is 71377387 composite?
False
Is 484397 prime?
True
Is 250843057 composite?
False
Is 2086543 a prime number?
True
Is 136957 a prime number?
False
Is 41022727 a composite number?
True
Is 4623139 prime?
True
Is 1665511 prime?
False
Is 4117231 composite?
False
Is 33133729 a composite number?
False
Is 99917059 a composite number?
True
Is 3093407 a prime number?
True
Is 27131359 a prime number?
False
Is 22780739 prime?
False
Is 2148781 prime?
True
Is 183999817 a composite number?
True
Is 14812387 prime?
False
Is 28201451 a prime number?
True
Is 78401 a composite number?
False
Is 18304907 composite?
False
Is 13726597 prime?
False
Is 4478641 a composite number?
False
Is 94469 a composite number?
True
Is 17574407 prime?
False
Is 11711027 a composite number?
True
Is 1109371 a composite number?
True
Is 329941 prime?
True
Is 55207651 prime?
False
Is 1124083 a composite number?
False
Is 2384017 composite?
False
Is 326874941 prime?
False
Is 10423981 a composite number?
False
Is 2782021 composite?
True
Is 11219601 a prime number?
False
Is 77824553 composite?
False
Is 51469771 prime?
False
Is 439609 a composite number?
True
Is 710237 composite?
True
Is 48622733 composite?
False
Is 199627121 a composite number?
False
Is 23459453 composite?
True
Is 177787 a composite number?
False
Is 52789259 prime?
True
Is 64170742 a composite number?
True
Is 48818409 composite?
True
Is 5375697 a composite number?
True
Is 371447 composite?
False
Is 79594049 a composite number?
False
Is 23697059 a prime number?
True
Is 306083 a prime number?
True
Is 365017193 a prime number?
True
Is 19439734 composite?
True
Is 148074067 prime?
False
Is 38333531 a composite number?
False
Is 10645573 prime?
False
Is 154681 prime?
True
Is 272651 prime?
True
Is 461386997 a prime number?
False
Is 4765043 a composite number?
True
Is 1737239 prime?
False
Is 4165417 prime?
False
Is 754468123 a composite number?
False
Is 2923033 a composite number?
False
Is 14199701 a prime number?
True
Is 3076529 a prime number?
True
Is 96560099 prime?
True
Is 163936363 a composite number?
False
Is 2580258773 a prime number?
True
Is 44792549 a prime number?
True
Is 5518529 prime?
False
Is 126064361 composite?
True
Is 21032957 composite?
True
Is 1218078703 a composite number?
False
Is 1738727 prime?
True
Is 4432501 a composite number?
True
Is 6504493 composite?
False
Is 46178261 prime?
False
Is 2335789 a prime number?
True
Is 73386074 composite?
True
Is 5493365 a composite number?
True
Is 119436913 composite?
False
Is 6226469 composite?
False
Is 13725169 a prime number?
True
Is 13754737 prime?
False
Is 72864643 prime?
True
Is 27536381 a prime number?
True
Is 59819479 prime?
True
Is 16199611 a prime number?
False
Is 1227727 prime?
False
Is 93402833 composite?
True
Is 255755911 a prime number?
False
Is 29527601 composite?
False
Is 59342929 composite?
False
Is 133295221 a prime number?
False
Is 247953691 a prime number?
False
Is 4329641 composite?
True
Is 266311 a composite number?
True
Is 147739 a composite number?
False
Is 1962613 a prime number?
False
Is 6390509 prime?
False
Is 124182529 prime?
True
Is 208277821 a composite number?
True
Is 6122201 composite?
False
Is 103276207 a composite number?
True
Is 10087339 a prime number?
True
Is 230841379 prime?
False
Is 23329213 prime?
False
Is 169136437 prime?
True
Is 629449 a composite number?
False
Is 26113417 composite?
True
Is 15405937 a composite number?
False
Is 6533873 a prime number?
True
Is 2764043 prime?
False
Is 19949 composite?
False
Is 7033061 composite?
True
Is 4107794 composite?
True
Is 61823947 a composite number?
False
Is 23438369 prime?
True
Is 99210413 a prime number?
False
Is 142406223 composite?
True
Is 31541891 prime?
True
Is 394975093 composite?
True
Is 206969807 a composite number?
True
Is 33850607 a composite number?
True
Is 495401 composite?
False
Is 61180033 prime?
True
Is 10833455 composite?
True
Is 122369171 prime?
True
Is 5935729 prime?
False
Is 606977 a composite number?
True
Is 370700335 composite?
True
Is 111290849 a prime number?
True
Is 663923 a prime number?
False
Is 5255863 prime?
True
Is 9919519 composite?
False
Is 3115969 a prime number?
False
Is 1044571 a prime number?
False
Is 59874407 a prime number?
False
Is 2925353 a composite number?
False
Is 704428039 a composite number?
True
Is 46711567 composite?
True
Is 97908623 prime?
False
Is 96497747 prime?
False
Is 4654931 prime?
False
Is 1229779 prime?
False
Is 10245043 composite?
True
Is 65228651 composite?
False
Is 2653757 a composite number?
True
Is 2024731 prime?
True
Is 5568931 prime?
True
Is 17861763 composite?
True
Is 3496081 composite?
False
Is 22416547 a composite number?
True
Is 6828623 a prime number?
True
Is 465203 a prime number?
False
Is 30943534 a prime number?
False
Is 338022239 prime?
True
Is 87661253 prime?
False
Is 185429 prime?
True
Is 368664683 a composite number?
False
Is 13601618 a prime numbe